10 + 100011?
100021
In base 7, what is 364 + -1?
363
In base 8, what is -3 - 2627?
-2632
In base 6, what is -1 + 11023?
11022
In base 3, what is -2 - -1112022?
1112020
In base 4, what is 130 - 3220?
-3030
In base 13, what is 1 + 4a?
4b
In base 7, what is 2 + -3?
-1
In base 15, what is -4c3 + -5?
-4c8
In base 12, what is 2a9 + 0?
2a9
In base 2, what is 11010010 + -100?
11001110
In base 13, what is -4 + 244?
240
In base 15, what is -2 - 12?
-14
In base 8, what is -4 - -545?
541
In base 10, what is -6 + 28?
22
In base 8, what is 1 + 143?
144
In base 16, what is -2b - -4?
-27
In base 10, what is 1 - 334?
-333
In base 12, what is 254 - 0?
254
In base 14, what is 71 - 0?
71
In base 12, what is -13 - 992?
-9a5
In base 4, what is 121 + 1002?
1123
In base 13, what is -b2 + -3?
-b5
In base 5, what is -1 - -30?
24
In base 6, what is -31 - 22?
-53
In base 3, what is 112 + -11?
101
In base 15, what is 238 - -9?
242
In base 9, what is 427 - -5?
433
In base 14, what is -a0 + 0?
-a0
In base 16, what is 4 + 135?
139
In base 3, what is 0 - -122102?
122102
In base 4, what is -2 + -1032?
-1100
In base 5, what is 33 - 4?
24
In base 14, what is 675 + 3?
678
In base 10, what is -93 + -20?
-113
In base 13, what is 4 - -90?
94
In base 9, what is 234 - 3?
231
In base 3, what is -20 - -2102?
2012
In base 8, what is -315 + 57?
-236
In base 6, what is 1 - -50?
51
In base 8, what is 32 + -244?
-212
In base 5, what is -2 - -10233?
10231
In base 6, what is -2545 - -13?
-2532
In base 12, what is -24 + 2?
-22
In base 5, what is 112 + -23?
34
In base 16, what is -c5 - -1f?
-a6
In base 16, what is 3 + 4f?
52
In base 13, what is 5b - 21?
3a
In base 12, what is 15 + -125?
-110
In base 4, what is 3 + 30223?
30232
In base 7, what is 0 + -5222?
-5222
In base 15, what is -3 - -a90?
a8c
In base 4, what is 1 + 231011?
231012
In base 4, what is 1201 + 0?
1201
In base 11, what is 41 - 5?
37
In base 7, what is 535 - -15?
553
In base 5, what is -1 - 1?
-2
In base 16, what is -105 - 1?
-106
In base 10, what is 3 + 440?
443
In base 10, what is -227 - 6?
-233
In base 3, what is 1112 + -2?
1110
In base 6, what is 45453 - -4?
45501
In base 9, what is 80 + -4?
75
In base 3, what is 11 - 110?
-22
In base 5, what is -3 + 342?
334
In base 13, what is 55c - 5?
557
In base 8, what is 2 + 21?
23
In base 6, what is 2 + -2211?
-2205
In base 4, what is -1 - -113132?
113131
In base 11, what is 1 + 83a?
840
In base 11, what is 5 - 187?
-182
In base 8, what is -75662 - 4?
-75666
In base 15, what is -88 - -1?
-87
In base 12, what is -308b7 + 1?
-308b6
In base 9, what is 8 - 7?
1
In base 8, what is -4301 + 2?
-4277
In base 10, what is 6 + -44?
-38
In base 14, what is -9 - bc2?
-bcb
In base 8, what is 1 - -743?
744
In base 2, what is 111010001 - 10?
111001111
In base 5, what is 0 + -2010?
-2010
In base 5, what is 4 + -3?
1
In base 7, what is -4 - -16162?
16155
In base 9, what is -5 + -748?
-754
In base 2, what is -11 + -11001?
-11100
In base 16, what is 5cd - -3?
5d0
In base 6, what is 100 + 43?
143
In base 14, what is -3 + 13?
10
In base 11, what is -16353 - 0?
-16353
In base 8, what is -15 - -513?
476
In base 9, what is -14 + -48?
-63
In base 14, what is -187 - -3?
-184
In base 13, what is -4 - -49?
45
In base 9, what is -3 - -434?
431
In base 16, what is 30 - 1?
2f
In base 8, what is 470 + 7?
477
In base 3, what is 2 - -1222?
2001
In base 6, what is 315 + 1?
320
In base 6, what is -42 + -32?
-114
In base 11, what is -52 - 16?
-68
In base 4, what is 13303 + -11?
13232
In base 4, what is 0 - 2122?
-2122
In base 5, what is -4 - 1100?
-1104
In base 3, what is 21 + -210?
-112
In base 13, what is 4 + -37c?
-378
In base 9, what is 362 - 8?
353
In base 4, what is 1030 + 3?
1033
In base 4, what is -101031 + -1?
-101032
In base 8, what is -561 + 1?
-560
In base 4, what is 13132 - 3?
13123
In base 12, what is 2328a - 5?
23285
In base 9, what is 2 + -121?
-118
In base 3, what is -101 + 12?
-12
In base 15, what is 12 + -12?
0
In base 10, what is 14 + 114?
128
In base 14, what is -7 + 71?
68
In base 7, what is -1354 - -6?
-1345
In base 9, what is -5 + 1321?
1315
In base 14, what is 5 + -45?
-40
In base 4, what is -11103 + -3?
-11112
In base 13, what is -2ba + 1?
-2b9
In base 6, what is 214 + 4?
222
In base 5, what is -22130 + -21?
-22201
In base 6, what is 1122 + -5?
1113
In base 2, what is -1010 + 110?
-100
In base 14, what is b64 - 4?
b60
In base 10, what is 0 + -9?
-9
In base 9, what is -1331 + 2?
-1328
In base 8, what is 420 + -2?
416
In base 4, what is -21 - -1012?
331
In base 9, what is 1314 - 0?
1314
In base 5, what is 300 - 10?
240
In base 4, what is 11 - -12121?
12132
In base 13, what is -5 - -864?
85c
In base 12, what is 0 + -913?
-913
In base 15, what is -19 + 12b?
112
In base 16, what is 30 - 32?
-2
In base 2, what is -11110 - -10100?
-1010
In base 4, what is 0 + 21?
21
In base 14, what is -41 + 5?
-3a
In base 5, what is 241 - 1?
240
In base 9, what is 4 - 813?
-808
In base 14, what is 2 - -2a?
2c
In base 11, what is -8 - -1224?
1217
In base 2, what is 101000011 - -11010?
101011101
In base 9, what is 714 + -4?
710
In base 3, what is 1 - -1212022?
1212100
In base 15, what is -112 + 0?
-112
In base 6, what is -1 - 4?
-5
In base 14, what is 0 - 5c1?
-5c1
In base 4, what is -33 - -123?
30
In base 5, what is -1 + 40?
34
In base 10, what is -1 - 126?
-127
In base 11, what is -7317 - -5?
-7312
In base 14, what is 52 - -11c?
170
In base 9, what is 2 - -114?
116
In base 9, what is -28757 + -4?
-28762
In base 13, what is -13b - -4?
-137
In base 3, what is -22 - 1?
-100
In base 15, what is 0 - 30?
-30
In base 4, what is -23003 - -3?
-23000
In base 2, what is 10011100 + -110?
10010110
In base 15, what is 5 + 48?
4d
In base 14, what is 6 - 173?
-16b
In base 3, what is -20 + 210022?
210002
In base 2, what is -110100000100 - -10?
-110100000010
In base 10, what is -134 + -9?
-143
In base 14, what is 32 - 0?
32
In base 7, what is -64 - 36?
-133
In base 11, what is 1 - 1502?
-1501
In base 4, what is 102 - 20?
22
In base 12, what is -b0 + -4?
-b4
In base 12, what is 76 + 5?
7b
In base 11, what is -2 + -40?
-42
In base 6, what is -3 + 1153?
1150
In base 3, what is 12 + 11012221?
11020010
In base 12, what is -36 + 9a?
64
In base 8, what is 5 + -416?
-411
In base 8, what is -2 - 7?
-11
In base 11, what is 1 + 261?
262
In base 14, what is 1030 + -4?
102a
In base 11, what is 5a5a - 3?
5a57
In base 12, what is 4b4 + 2?
4b6
In base 12, what is -6b + 3?
-68
In base 12, what is 0 - 228?
-228
In base 16, what is 3 - -a?
d
In base 6, what is 31 - 1053?
-1022
In base 8, what is 222 + 4?
226
In base 5, what is -21 + 1344?
1323
In base 11, what is -139 + 4?
-135
In base 7, what is 265 + -20?
245
In base 14, what is 39 - -1d3?
22c
In base 4, what is -333 + 0?
-333
In base 13, what is -4 + -633?
-637
In base 2, what is 10010 + -1011?
111
In base 15, what is -3 + -11?
-14
In base 7, what is 41 + 3?
44
In base 14, what is 43 - -4?
47
In base 12, what is 11 - -182?
193
In base 7, what is 14 - -33?
50
In base 5, what is 3 + 121?
124
In base 13, what is -1 + 1a4?
1a3
In base 14, what is -1 - -8a?
89
In base 15, what is -1 + 6c?
6b
In base 11, what is 4216 - 3?
4213
In base 16, what is -2a - a?
-34
In base 5, what is 2100 + -10?
2040
In base 11, what is -1854 - -5?
-184a
In base 12, what is -a14 - 0?
-a14
In base 13, what is 2 + -171?
-16c
In base 2, what is -101110001 - -10?
-101101111
In base 5, what is 44 + -14?
30
In base 3, what is 101221 + -11?
101210
In base 16, what is -6 + 31?
2b
In base 8, what is 255 + 5?
262
In base 10, what is -252 - 2?
-254
In base 8, what is -10 + -42?
-52
In base 4, what is 2232 + 11?
2303
In base 7, what is 3 + 616?
622
In base 2, what is -111 - 1111011?
-10000010
In base 15, what is 4d - -1?
4e
In base 5, what is -2 + 33?
31
In base 4, what is 101 - 101?
0
In base 3, what is 11 - -10022220?
10100001
In base 9, what is 7 + 1544?
1552
In base 15, what is -3 - 3c?
-40
In base 10, what is 3 + -465?
-462
In base 4, what is -23221 - -11?
-23210
In base 8, what is -2223 + -2?
-2225
In base 7, what is 2 + 14?
16
In base 10, what is 3203 - -5?
3208
In base 12, what is 27b + -1?
27a
In base 9, what is -32263 - 0?
-32263
In base 11, what is -2a77 - 3?
-2a7a
In base 3, what is 110 + 200?
1010
In base 5, what is -3 - -20?
1